. Let l be m(-10). Let a be -1*(-3 - l)*3. Let r(k) = -4*k + 4. Calculate the remainder when r(a) is divided by 6.
4
Let f = 14 + -10. Let g = 29 + -23. What is the remainder when g is divided by f?
2
Suppose 2*s + 2*b - 2 - 2 = 0, 0 = 2*s - b - 1. Let c = 14 + s. Calculate the remainder when 27 is divided by c.
12
Suppose 0 = -v + 4*v - 30. Suppose -2*m - 4 = -v. Suppose m*z - 5*c - 148 = -0*z, 2*z + 3*c = 67. Calculate the remainder when z is divided by 14.
13
Let s be 0 + -3*(-1)/1. Suppose s*n + 2*f - 40 = -n, 3*n - 3*f - 39 = 0. Calculate the remainder when n is divided by 6.
5
Calculate the remainder when 35 is divided by (-12)/10*(-8 + -2).
11
Let z(s) = s**2 - s - 1. Let a be z(3). Suppose -4*o = -0 - 8. Suppose -y = -3*d + 19 + 153, a*d = o*y + 288. Calculate the remainder when d is divided by 19.
18
Let c(x) = 3*x**2 - 3*x + 1. Calculate the remainder when c(-4) is divided by (-3 - -4) + -2 - -17.
13
Let n(z) = 2*z**2 - 8*z + 9. Calculate the remainder when 64 is divided by n(6).
31
Suppose 2 = -4*j + 18. Suppose j*i - 2*i - 190 = 0. What is the remainder when 12 is divided by i/15 - 2/(-3)?
5
Let z(b) = -2*b**3 - 26*b**2 - 24*b + 2. What is the remainder when 13 is divided by z(-12)?
1
Suppose 2*t + 5*l = 2*l + 108, -t = 2*l - 54. What is the remainder when t is divided by 19?
16
Suppose -22 + 16 = -3*r. Calculate the remainder when 9 is divided by r.
1
Let b(h) = h**3 + 7*h**2 + 5*h + 2. Let n be b(-6). Let r = n + -6. Calculate the remainder when 19 + (r - (2 + -1)) is divided by 11.
9
Suppose 5*g - 4*a = 214, 0*a - 4*a - 130 = -3*g. Suppose 0*s + 60 = 4*s. What is the remainder when g is divided by s?
12
What is the remainder when 6363/33 + 16/88 is divided by 49?
46
Let x = 119 + -105. What is the remainder when 209 is divided by x?
13
Let g be 6*(-1 + 0 + 0). Calculate the remainder when (-920)/(-24) + 2/g is divided by 13.
12
Suppose -5*j + 148 = -2*b, 2*j - 2*b = 42 + 16. What is the remainder when 113 is divided by j?
23
Let v(y) = y**2 - 4*y + 6. Let a be v(6). Let b be (-4)/(-3)*a/12. Suppose 5*h - 5 = -b*j, 2*j - 20 = j + h. Calculate the remainder when 29 is divided by j.
14
Let g = 90 - 22. Suppose f - 2*k - g = -f, -4*f - 2*k + 136 = 0. Suppose -4*b - r = b - f, 0 = b - 5*r + 14. What is the remainder when 17 is divided by b?
5
Let d(a) = 9*a + 2. Let g be 1*(0/1 + 2). Let i = -11 + 22. What is the remainder when d(g) is divided by i?
9
Let j be -1*(1 + 0 + -1). Suppose -2*q - 2*q + 84 = j. Let v = -15 - -76. What is the remainder when v is divided by q?
19
Suppose 0 = 4*c - 0*c - 148. Suppose 0 = -5*v - c + 117. Calculate the remainder when 45 is divided by v.
13
Suppose 0 = -o - 1 - 0, -2*o - 26 = -3*w. Let b = 0 + 3. What is the remainder when w is divided by b?
2
Suppose 5*a + 0*g - 115 = 5*g, 5*a - 3*g = 109. Let h = a + -11. What is the remainder when h is divided by 5?
4
Suppose 0 = -3*u + 9 + 9. Suppose -n + u = -28. Calculate the remainder when n is divided by 2*3/(-3) + 14.
10
Let p = 19 - -11. What is the remainder when 56 is divided by p?
26
Let t be 3/(-3) + (0 - -3). Suppose 5 = 5*y - 95. Calculate the remainder when y is divided by 2*(9/t - -1).
9
Let g = -20 - -22. Calculate the remainder when 12 is divided by g.
0
Let a(h) = 18*h + 1. Let d be a(-1). Suppose 4*s - 32 = -168. Let k = d - s. What is the remainder when k is divided by 6?
5
Suppose i - 84 = -3*i. What is the remainder when i is divided by 11?
10
Let i(m) = m**3 - m**2 + 3*m + 1. Let l be i(4). Suppose 3*q = l - 7. What is the remainder when 130*((-24)/(-10) - 2) is divided by q?
16
Suppose 4*v - 2*u = v + 382, 4*v - 511 = u. Calculate the remainder when v is divided by 26.
24
Let n(b) = -6*b - 4. Let z be -1*13 - 9/(-3). Calculate the remainder when n(z) is divided by 29.
27
Let k(o) = -o**3 + 6*o**2 + o + 7. Let f(c) = -c**3 - 10*c**2 - 9*c + 6. Let p be f(-9). What is the remainder when 23 is divided by k(p)?
10
Let l(f) = f**3 + 4*f**2 + 2*f + 3. What is the remainder when (3 + -2)*20/1 is divided by l(-2)?
6
Suppose -5*l = -4*x + 438, 5*x = 2*x + 5*l + 326. Suppose x = -0*y + 4*y. What is the remainder when y is divided by 10?
8
Suppose m + 0*s - 4*s + 1 = 0, -4*m - 4*s + 36 = 0. Suppose -f + 4 = -5*f. Let l(v) = 4*v**2 + v. What is the remainder when m is divided by l(f)?
1
Suppose 5*o = n + 24, o - 12 = 3*n + 4. What is the remainder when 7 is divided by o?
3
Suppose 8*z - 3*z + 195 = 5*d, 0 = 4*d - z - 141. What is the remainder when d is divided by ((-144)/56)/((-3)/14)?
10
Suppose r - 17 = 1. Let j(m) = 19*m + 1. Let q be j(3). Suppose -q = -4*s + 150. What is the remainder when s is divided by r?
16
Let l = -14 + 38. Suppose 6*n - 3*n = l. What is the remainder when 30 is divided by n?
6
Suppose 4*i = 2*f + 36, 5*f = -0*i - 3*i + 40. Calculate the remainder when 38 is divided by i.
8
Let w(q) = q**2 - 3*q + 1. Let k = 10 + 0. Let l = 20 - k. Calculate the remainder when w(6) is divided by l.
9
Suppose 0 = 2*g - 24 - 8. Calculate the remainder when g is divided by 9.
7
Calculate the remainder when (-2353)/(-52) - (-3)/4 is divided by ((-2)/5)/((-1)/30).
10
Suppose 39 = -3*d + 6*d. Let h(s) = -77*s**3 - s**2 - 2*s - 2. Let n be h(-1). Let b = n + -25. Calculate the remainder when b is divided by d.
12
Let n be ((-12)/16)/((-2)/64). Let b = 52 - n. Calculate the remainder when b is divided by 10.
8
Let v = -35 - -60. What is the remainder when v is divided by 10?
5
Let b(m) = -m**3 - 3*m**2 + 5*m + 5. Let h(p) = -p + p**2 + 0 + 5 + 6*p. What is the remainder when h(-4) is divided by b(-4)?
0
Let k = -98 - -146. Suppose -k = -3*z - 3*c, -z = 2*c - 18 + 3. Suppose 8*i - 2 - 70 = 0. What is the remainder when z is divided by i?
8
Let d = 36 - 25. Suppose -19 = 3*q - 148. Calculate the remainder when q is divided by d.
10
Let j(y) = 37*y**2 + 2*y. Let r(i) = -19*i**2 - 2*i + 0*i + i. Let u(q) = 6*j(q) + 11*r(q). What is the remainder when 23 is divided by u(-1)?
11
Suppose -80 = 2*s - 3*s. Calculate the remainder when s is divided by 27.
26
Let l = 10 + -6. Let p(x) = x**3 - 2*x**2 - 3*x. Calculate the remainder when 59 is divided by p(l).
19
Let y be (-2)/(-3) - 46/(-3). Calculate the remainder when y - 1*(-2 + 2) is divided by 6.
4
Suppose -2*l + 26 = -24. Suppose 2*u = 3*o + 22, 5*o + 44 - 2 = 2*u. Let h = l + o. Calculate the remainder when 28 is divided by h.
13
Let d = -54 - -132. Suppose 4*m + j - 80 = 0, -2 = -4*m - 3*j + d. Calculate the remainder when 39 is divided by m.
19
Let y = -51 - -57. Calculate the remainder when 22 is divided by y.
4
Let p be (8/6)/(2/3). Suppose 5*d = d - 2*j + 222, 2*d - p*j = 96. Suppose -8*z + 4*v = -3*z - 50, 4*v - 20 = 0. What is the remainder when d is divided by z?
11
Let q be (-56)/(-12) + 1/3. Let g(f) = -f**3 + 6*f**2 - 3*f + 4. Calculate the remainder when g(q) is divided by 4.
2
Suppose 2*a + 3 = -2*h + 7, -3*h = -3*a - 12. Let z = 0 + h. Calculate the remainder when z is divided by 1.
0
Let b(w) = 11*w**2 - 2*w + 2. Let c be b(3). Let u be (c/15)/(1/3). Suppose -u = -3*x - 5*m, 3*x + m - 7 = 2*x. Calculate the remainder when 22 is divided by x.
6
Calculate the remainder when 30 is divided by ((-6)/(-5))/(6/80).
14
Let b = 66 - 30. What is the remainder when b is divided by 13?
10
Suppose -15*s = -11*s - 152. Calculate the remainder when s is divided by 13.
12
Let c(o) = -o**3 - o**2 - o + 18. Let n be c(0). What is the remainder when 81 is divided by (-191)/(-9) + (-4)/n?
18
Let q(a) be the second derivative of a**4/12 + a**3/6 + 2*a**2 - a. Let i = -10 - -10. What is the remainder when q(i) is divided by 2?
0
Let c = -144 - -177. Calculate the remainder when c is divided by 18.
15
Let x(w) = w**2 - 5*w + 5. Let y be x(3). Calculate the remainder when 17 is divided by y + (32 + -4)/4.
5
What is the remainder when 7 is divided by 5*6/15 + 2?
3
Let r(m) = -m - 6. Let s be r(-6). Let i = 6 - s. What is the remainder when (264/(-18))/((-2)/i) is divided by 15?
14
Let y(f) = -9*f - 62. What is the remainder when y(-9) is divided by 11?
8
Let t(i) = -2*i**3 - 6*i**2 - 3*i + 1. What is the remainder when t(-4) is divided by 24?
21
Let l(z) = z. Let y(w) = w**3 - 8*w**2 - 19*w - 8. What is the remainder when l(2) is divided by y(10)?
0
Suppose 5*m - 50 = 25. What is the remainder when 28 is